uppose -4*i + 960 = -0*i. Suppose -5*m - l + i = 0. What is the units digit of m?
6
Let w(y) = 3*y**2 + 47*y + 23. Let b be ((-2)/4)/((-8)/(-96)). Let s(i) = -i**2 - 16*i - 8. Let p(z) = b*w(z) - 17*s(z). What is the tens digit of p(-7)?
1
What is the units digit of 3 + 0*(-6)/18 + 2043?
6
Let v(o) = 3*o**2 + 4*o - 1. Let n be 4/8 + (-5)/(-2). Let t be v(n). Suppose -i = -2*w + t, 3*w - 3*i - 39 = 24. What is the tens digit of w?
1
What is the hundreds digit of (-2)/((-3)/2370*4)?
3
Let v be 7 - -29 - (1 - 1). Suppose 40*u - 368 = v*u. What is the units digit of u?
2
Let p(r) = -10*r - 56. Let s be p(-7). What is the units digit of s/(-21) + 402/9?
4
Let o(z) = -2*z**2 + 108*z + 120. What is the hundreds digit of o(47)?
7
Let c = 271 - 122. Let n = 91 - c. What is the units digit of (-4)/(-1)*n/(-4)?
8
Suppose -t = 2*a - 2060, -4*t + 6*a + 8240 = 7*a. What is the thousands digit of t?
2
Let u be (-80)/6 - 3/(-9). Let g = u + 15. What is the units digit of g?
2
Let n = 80 - -51. Suppose 4*d - 166 = -2*x, 4*d - 3*x - n = 2*x. What is the tens digit of d?
3
Suppose -3*f = -3*x - 495, -f + 167 = -7*x + 5*x. What is the units digit of f?
3
Let m(n) = n**3 - 6*n**2 + 4*n - 3. Let o(h) = -h**2 + h + 2. Let s be o(0). Let q = s - -4. What is the units digit of m(q)?
1
What is the thousands digit of 4*((-1349236)/(-2352) - 4/(-42))?
2
Let l(k) = 4*k**3 - 2*k**2 - 2*k - 2. Let a be l(-4). Let i = -187 - a. What is the units digit of i?
5
What is the units digit of ((-8)/18)/((-6)/18441)?
6
Let r(s) = s**2 + 24*s - 45. Let z be r(-26). Suppose 10*c - z*c - 498 = 0. What is the tens digit of c?
6
What is the tens digit of (7785/10)/(-3)*-2?
1
Suppose 3 = 3*a, 20687 = 4*d - 21*a + 16*a. What is the thousands digit of d?
5
Let m = 70 - 37. Suppose 0 = 3*s + 24 + 15. Let f = m + s. What is the units digit of f?
0
Let l = 73 - 43. Suppose l = 7*w + 2. Suppose 86 = w*g - 2*g. What is the units digit of g?
3
Let v be (-15)/(-25) + (-1894)/(-10). What is the units digit of v/4 - (-7)/14?
8
Let i = 923 - -416. What is the thousands digit of i?
1
What is the tens digit of 0 - -2*(2 - (-2174)/4)?
9
Suppose 0 = 4*m - 8*m + 2*g + 26, -2*m + 10 = 2*g. Let a = m - -59. What is the units digit of a?
5
Let w(g) = g**3 + 20*g**2 + 23*g - 46. What is the tens digit of w(-13)?
3
Let u(m) be the third derivative of -m**6/60 + m**5/30 - m**4/12 - 4*m**3/3 - 23*m**2. What is the hundreds digit of u(-4)?
1
Let d = -2224 + 2528. What is the tens digit of d?
0
Suppose -8*a - 1004 = -2372. What is the units digit of a?
1
Suppose 3*h + h + 196 = 0. Let o = h + 71. What is the units digit of (4 - 7)/((-3)/o)?
2
Let c(u) = 0*u + 1 - 1 + 4 - 2*u. Let b(a) = a**3 + a + 2. Let m be b(-1). What is the units digit of c(m)?
4
Suppose -121 = 5*v - 916. What is the units digit of v?
9
Suppose -22545 + 5997 = -14*w. What is the thousands digit of w?
1
Let d(a) = 2*a**2 + 15*a + 10. Let w be d(-10). Let l = w - 7. What is the units digit of l?
3
Suppose 11 = l + 1. Let q = 48 + -19. Let d = q - l. What is the units digit of d?
9
Suppose 0 = 4*w + 4*q - 472, 2*w - q = -w + 362. What is the hundreds digit of w?
1
Let h(r) be the first derivative of r**3/3 + r**2 - 7*r + 3. Let z(l) = 2*l - 26. Let m be z(10). What is the units digit of h(m)?
7
Suppose 5*j = 0, 3*r = -2*j + 6 + 21. Let c(d) = d**2 - 5*d + 10. Let x be c(r). Suppose -9*h = -7*h - x. What is the tens digit of h?
2
Let d be -1 - (-3)/12*-4*-1. Suppose d = -8*o - 129 + 609. What is the units digit of o?
0
Suppose -5*q = -r - 1144 - 9983, -r - 8901 = -4*q. What is the units digit of q?
6
Suppose 5*s - 2*r = 23 + 10, 2*s + 2*r - 2 = 0. Suppose 0 = 5*i - 5, 0 = -s*n + i + 6 - 2. Suppose 0 = f + n, 4*l - 7 = 3*l - f. What is the units digit of l?
8
Suppose 670 = 2*q + j, 0 = -2*q + 8*j - 3*j + 694. What is the hundreds digit of q?
3
What is the tens digit of ((-1)/3)/(-8 + 27310/3414)?
6
Suppose -a + 13 = -4*d + 1, 3*a + 3*d + 24 = 0. Let z be 12 + -1 + (-1 - a). Suppose 86 = 4*y + z. What is the tens digit of y?
1
Suppose o = -0*v - 2*v + 7, -13 = -o - 5*v. Suppose 0 = -3*w, 2 = -o*h - 5*w - 1. What is the units digit of (h + 3)*(3 + 1)?
8
Suppose -2*q = -140 + 26. Suppose -3*j - 1 = -7. Suppose 2*d = -j*z + 5*z - q, 0 = -z + 3*d + 19. What is the units digit of z?
9
Suppose -35 = -7*y - 0*y. Suppose -103 - 56 = -3*b. Suppose y*z + t = 21 + 77, -5*t = 2*z - b. What is the units digit of z?
9
Let w = -2 + 3. Let q(d) be the third derivative of 19*d**5/60 - d**4/24 + d**3/6 + 5*d**2. What is the tens digit of q(w)?
1
Let f = -463 + 61. What is the hundreds digit of (-3 + 15)*(f/(-8))/3?
2
Let x = 2694 + 620. What is the hundreds digit of x?
3
Suppose -4*c + 2*q + 1652 - 24 = 0, 1630 = 4*c - 3*q. Let s = -118 + c. What is the hundreds digit of s?
2
Let z(u) = u**2 + u + 1034. What is the hundreds digit of z(0)?
0
Suppose 8*o - 5 = 7*o. Let i be (2/(-2))/(o/(-15)). Suppose s = i*p + 24, 0*p - p = 3*s - 52. What is the tens digit of s?
1
Let p(v) = -2*v**2 + 41*v - 16. Let d be p(20). Suppose -5*o - r = d*r - 195, -5*r + 154 = 4*o. What is the units digit of o?
1
Let v(b) be the first derivative of -b**4/2 - 14*b**3/3 + 15*b**2/2 + 5*b + 5. Let s(o) = -o**3 + o. Let l(i) = -s(i) + v(i). What is the units digit of l(-15)?
0
Let b(p) = p**3 - 10*p**2 + 4*p + 7. Let d be b(11). Suppose 5*h - 2*q - d = 26, 4*h = -3*q + 163. What is the units digit of h?
0
Let b = 291 - 203. What is the tens digit of (b/24)/((-2)/(-168)*2)?
5
Let w(u) = -4*u - 10. Let m be w(-4). Suppose 2*n = -2 + m. What is the units digit of n?
2
Let y(j) = -2*j**2 - 16*j - 21. Let m be y(-6). Suppose 5*o = m*k - 430, -o = -3*k + 2*k + 144. What is the hundreds digit of k?
1
Let i = -1166 + 2210. What is the tens digit of i?
4
Suppose 18*g - 114 - 48 = 0. Let z(f) = 2*f - 2. Let k be z(-3). Let q = k + g. What is the units digit of q?
1
Let j = 51 - 57. What is the units digit of (112*(-2)/j)/((-1)/(-3))?
2
Suppose -5*s - 3*h + 285 = 0, 6*s = 3*s - 5*h + 187. Suppose 0*w = -3*w + 10152. What is the tens digit of (-2)/3 + w/s?
6
Suppose 14*w - 131580 = -31*w. What is the hundreds digit of w?
9
Suppose 0*x = -3*x + 48. Let z = x + -11. Suppose 49 = i - z*p, -3*i - p = -61 - 54. What is the tens digit of i?
3
Let q(l) = -43*l - 109. What is the units digit of q(-18)?
5
Suppose 8*u = 3*u + 5*p, 0 = -4*u + 5*p. Suppose 0 = -5*v + 4*v. Suppose 2*c + u*c - 110 = v. What is the tens digit of c?
5
Let p(g) = -48*g + 2. What is the units digit of p(-5)?
2
Let t(f) = 2*f. Let v(c) = -4*c - 1. Let y(x) = -10*t(x) - 4*v(x). Let q(p) = p**2 - 11*p + 6. Let s be q(10). What is the tens digit of y(s)?
2
Let j = 32 - -110. Let s = j - 62. What is the units digit of s?
0
Let l = 26 + -14. Let i = -9 + l. Suppose -i*z + 2*w = -77, 0 = -z + 3*z - 5*w - 55. What is the tens digit of z?
2
Suppose 3*m - 6 = 5*m. Let h be 1/m + 1055/15. Suppose f + h = 3*f. What is the tens digit of f?
3
Let c(k) = k + 31. Let m = -6 - 1. Let t = m - 7. What is the tens digit of c(t)?
1
Suppose -4208 = 18*o - 26*o. Suppose -7*x + o = -671. What is the hundreds digit of x?
1
Suppose 25 = 7*a - 31. Suppose 136 + 384 = a*p. What is the tens digit of p?
6
Let h(z) = 3*z**2 + z + 50. What is the tens digit of h(-26)?
5
Let t be 3032/80 - (-3)/30. Suppose t = g + 5*z, -5*z = -5*g - 0*z + 160. What is the tens digit of g?
3
Suppose 6*l - l - 10 = 0, 2*b - 5*l - 596 = 0. Suppose 3*d = -48 + b. What is the units digit of d?
5
Let r be 10/(-35) - 150/14. Let m(g) be the third derivative of -g**4/24 + g**3/3 - 2*g**2. What is the tens digit of m(r)?
1
Let q(z) = -14*z**2 - 5*z + 6. Let r be q(-5). Let m = -174 - r. Suppose s + m = 6*s. What is the tens digit of s?
2
Suppose s = -2*l + 290, -5*s - 4*l = -3*l - 1414. Let i = s + -111. What is the hundreds digit of i?
1
Let u(a) = -171*a + 452. What is the hundreds digit of u(-19)?
7
Suppose -3*r - 4*d = -232 - 399, 4*r - 4*d = 860. What is the hundreds digit of r?
2
Let u be (-3 - -1)*10/(-4). Let n be -3 + 8/4 + u. Suppose v - n*o = 3*v - 30, -3*v = 4*o - 39. What is the units digit of v?
9
Let a(n) = n**3 - 8*n**2 - 12*n - 8. Let r = -20 - -20. Suppose -2*w - 5*j + 18 = -4*j, 2*w - 3*j - 26 = r. What is the tens digit of a(w)?
7
Suppose -h - 21 = -4*h. Suppose 16 = -3*k + 